[INFO] cloning repository https://github.com/Emilinya/OmegaOptimizer
[INFO] running `Command { std: "git" "-c" "credential.helper=" "-c" "credential.helper=/workspace/cargo-home/bin/git-credential-null" "clone" "--bare" "https://github.com/Emilinya/OmegaOptimizer" "/workspace/cache/git-repos/https%3A%2F%2Fgithub.com%2FEmilinya%2FOmegaOptimizer", kill_on_drop: false }`
[INFO] [stderr] Cloning into bare repository '/workspace/cache/git-repos/https%3A%2F%2Fgithub.com%2FEmilinya%2FOmegaOptimizer'...
[INFO] running `Command { std: "git" "rev-parse" "HEAD", kill_on_drop: false }`
[INFO] [stdout] b75d95e300b7e15343658e2ab2edd20146469b9c
[INFO] checking Emilinya/OmegaOptimizer against master#9610dfe5a9a731ced1ea4923ecbd0c57fe367898 for beta-170-4
[INFO] running `Command { std: "git" "clone" "/workspace/cache/git-repos/https%3A%2F%2Fgithub.com%2FEmilinya%2FOmegaOptimizer" "/workspace/builds/worker-2-tc1/source", kill_on_drop: false }`
[INFO] [stderr] Cloning into '/workspace/builds/worker-2-tc1/source'...
[INFO] [stderr] done.
[INFO] validating manifest of git repo https://github.com/Emilinya/OmegaOptimizer on toolchain 9610dfe5a9a731ced1ea4923ecbd0c57fe367898
[INFO] running `Command { std: CARGO_HOME="/workspace/cargo-home" RUSTUP_HOME="/workspace/rustup-home" "/workspace/cargo-home/bin/cargo" "+9610dfe5a9a731ced1ea4923ecbd0c57fe367898" "metadata" "--manifest-path" "Cargo.toml" "--no-deps", kill_on_drop: false }`
[INFO] started tweaking git repo https://github.com/Emilinya/OmegaOptimizer
[INFO] finished tweaking git repo https://github.com/Emilinya/OmegaOptimizer
[INFO] tweaked toml for git repo https://github.com/Emilinya/OmegaOptimizer written to /workspace/builds/worker-2-tc1/source/Cargo.toml
[INFO] crate git repo https://github.com/Emilinya/OmegaOptimizer already has a lockfile, it will not be regenerated
[INFO] running `Command { std: CARGO_HOME="/workspace/cargo-home" RUSTUP_HOME="/workspace/rustup-home" "/workspace/cargo-home/bin/cargo" "+9610dfe5a9a731ced1ea4923ecbd0c57fe367898" "fetch" "--manifest-path" "Cargo.toml", kill_on_drop: false }`
[INFO] [stderr]     Updating crates.io index
[INFO] [stderr]  Downloading crates ...
[INFO] [stderr]   Downloaded num-complex v0.4.1
[INFO] [stderr]   Downloaded ndarray-linalg v0.14.1
[INFO] [stderr]   Downloaded lax v0.2.0
[INFO] [stderr]   Downloaded ndarray-stats v0.5.0
[INFO] [stderr]   Downloaded cblas-sys v0.1.4
[INFO] [stderr]   Downloaded ndarray v0.15.4
[INFO] [stderr]   Downloaded openblas-build v0.1.1
[INFO] [stderr]   Downloaded lapack v0.18.0
[INFO] [stderr]   Downloaded cauchy v0.4.0
[INFO] [stderr]   Downloaded lapack-sys v0.12.1
[INFO] [stderr]   Downloaded data_reader v0.4.0
[INFO] [stderr]   Downloaded openblas-src v0.10.4
[INFO] running `Command { std: "docker" "create" "-v" "/var/lib/crater-agent-workspace/builds/worker-2-tc1/target:/opt/rustwide/target:rw,Z" "-v" "/var/lib/crater-agent-workspace/builds/worker-2-tc1/source:/opt/rustwide/workdir:ro,Z" "-v" "/var/lib/crater-agent-workspace/cargo-home:/opt/rustwide/cargo-home:ro,Z" "-v" "/var/lib/crater-agent-workspace/rustup-home:/opt/rustwide/rustup-home:ro,Z" "-e" "SOURCE_DIR=/opt/rustwide/workdir" "-e" "CARGO_TARGET_DIR=/opt/rustwide/target" "-e" "CARGO_HOME=/opt/rustwide/cargo-home" "-e" "RUSTUP_HOME=/opt/rustwide/rustup-home" "-w" "/opt/rustwide/workdir" "-m" "1610612736" "--user" "0:0" "--network" "none" "ghcr.io/rust-lang/crates-build-env/linux@sha256:19e73879b68f455e41552ea35293514db52ea292d993f571636dbffedb77a1ee" "/opt/rustwide/cargo-home/bin/cargo" "+9610dfe5a9a731ced1ea4923ecbd0c57fe367898" "metadata" "--no-deps" "--format-version=1", kill_on_drop: false }`
[INFO] [stdout] 43f86808c7d4dea669f2f0cf486e85c004a411698d99f0544041437e25fecd97
[INFO] running `Command { std: "docker" "start" "-a" "43f86808c7d4dea669f2f0cf486e85c004a411698d99f0544041437e25fecd97", kill_on_drop: false }`
[INFO] running `Command { std: "docker" "inspect" "43f86808c7d4dea669f2f0cf486e85c004a411698d99f0544041437e25fecd97", kill_on_drop: false }`
[INFO] running `Command { std: "docker" "rm" "-f" "43f86808c7d4dea669f2f0cf486e85c004a411698d99f0544041437e25fecd97", kill_on_drop: false }`
[INFO] [stdout] 43f86808c7d4dea669f2f0cf486e85c004a411698d99f0544041437e25fecd97
[INFO] running `Command { std: "docker" "create" "-v" "/var/lib/crater-agent-workspace/builds/worker-2-tc1/target:/opt/rustwide/target:rw,Z" "-v" "/var/lib/crater-agent-workspace/builds/worker-2-tc1/source:/opt/rustwide/workdir:ro,Z" "-v" "/var/lib/crater-agent-workspace/cargo-home:/opt/rustwide/cargo-home:ro,Z" "-v" "/var/lib/crater-agent-workspace/rustup-home:/opt/rustwide/rustup-home:ro,Z" "-e" "SOURCE_DIR=/opt/rustwide/workdir" "-e" "CARGO_TARGET_DIR=/opt/rustwide/target" "-e" "CARGO_INCREMENTAL=0" "-e" "RUST_BACKTRACE=full" "-e" "RUSTFLAGS=--cap-lints=forbid" "-e" "RUSTDOCFLAGS=--cap-lints=forbid" "-e" "CARGO_HOME=/opt/rustwide/cargo-home" "-e" "RUSTUP_HOME=/opt/rustwide/rustup-home" "-w" "/opt/rustwide/workdir" "-m" "1610612736" "--user" "0:0" "--network" "none" "ghcr.io/rust-lang/crates-build-env/linux@sha256:19e73879b68f455e41552ea35293514db52ea292d993f571636dbffedb77a1ee" "/opt/rustwide/cargo-home/bin/cargo" "+9610dfe5a9a731ced1ea4923ecbd0c57fe367898" "check" "--frozen" "--all" "--all-targets" "--message-format=json", kill_on_drop: false }`
[INFO] [stdout] 825e6756671e66c7fd320b403d9715895367c2248b548f0cce1ebfa1b2b0fb2c
[INFO] running `Command { std: "docker" "start" "-a" "825e6756671e66c7fd320b403d9715895367c2248b548f0cce1ebfa1b2b0fb2c", kill_on_drop: false }`
[INFO] [stderr]    Compiling proc-macro2 v1.0.40
[INFO] [stderr]    Compiling quote v1.0.20
[INFO] [stderr]    Compiling syn v1.0.98
[INFO] [stderr]    Compiling serde v1.0.139
[INFO] [stderr]    Compiling num-traits v0.2.15
[INFO] [stderr]    Compiling dirs-sys v0.3.7
[INFO] [stderr]    Compiling walkdir v2.3.2
[INFO] [stderr]    Compiling num-integer v0.1.45
[INFO] [stderr]    Compiling dirs v3.0.2
[INFO] [stderr]    Compiling backtrace v0.3.66
[INFO] [stderr]    Compiling lexical-core v0.7.6
[INFO] [stderr]    Compiling failure_derive v0.1.8
[INFO] [stderr]    Compiling unicode-xid v0.2.3
[INFO] [stderr]     Checking matrixmultiply v0.3.2
[INFO] [stderr]     Checking object v0.29.0
[INFO] [stderr]     Checking lapack-sys v0.12.1
[INFO] [stderr]     Checking cblas-sys v0.1.4
[INFO] [stderr]     Checking arrayvec v0.5.2
[INFO] [stderr]    Compiling indexmap v1.9.1
[INFO] [stderr]     Checking hashbrown v0.12.2
[INFO] [stderr]     Checking itertools v0.10.3
[INFO] [stderr]     Checking fast-float v0.2.0
[INFO] [stderr]     Checking approx v0.4.0
[INFO] [stderr]     Checking noisy_float v0.2.0
[INFO] [stderr]     Checking bytecount v0.6.3
[INFO] [stderr]     Checking itertools v0.8.2
[INFO] [stderr]     Checking lexical v5.2.2
[INFO] [stderr]    Compiling synstructure v0.12.6
[INFO] [stderr]     Checking num-complex v0.4.1
[INFO] [stderr]    Compiling thiserror-impl v1.0.31
[INFO] [stderr]     Checking lapack v0.18.0
[INFO] [stderr]     Checking cauchy v0.4.0
[INFO] [stderr]     Checking ndarray v0.15.4
[INFO] [stderr]     Checking failure v0.1.8
[INFO] [stderr]     Checking data_reader v0.4.0
[INFO] [stderr]    Compiling thiserror v1.0.31
[INFO] [stderr]    Compiling openblas-build v0.1.1
[INFO] [stderr]    Compiling openblas-src v0.10.4
[INFO] [stderr]     Checking ndarray-stats v0.5.0
[INFO] [stderr]     Checking lax v0.2.0
[INFO] [stderr]     Checking ndarray-linalg v0.14.1
[INFO] [stderr]     Checking omega_optimizer v0.1.0 (/opt/rustwide/workdir)
[INFO] [stdout] error[E0583]: file not found for module `function`
[INFO] [stdout]  --> src/main.rs:9:1
[INFO] [stdout]   |
[INFO] [stdout] 9 | mod function;
[INFO] [stdout]   | ^^^^^^^^^^^^^
[INFO] [stdout]   |
[INFO] [stdout]   = help: to create the module `function`, create file "src/function.rs" or "src/function/mod.rs"
[INFO] [stdout] 
[INFO] [stdout] 
[INFO] [stdout] error[E0583]: file not found for module `function`
[INFO] [stdout]  --> src/main.rs:9:1
[INFO] [stdout]   |
[INFO] [stdout] 9 | mod function;
[INFO] [stdout]   | ^^^^^^^^^^^^^
[INFO] [stdout]   |
[INFO] [stdout]   = help: to create the module `function`, create file "src/function.rs" or "src/function/mod.rs"
[INFO] [stdout] 
[INFO] [stdout] 
[INFO] [stdout] error[E0425]: cannot find value `f` in this scope
[INFO] [stdout]   --> src/main.rs:57:62
[INFO] [stdout]    |
[INFO] [stdout] 57 |     let err_f = calc_err(x_ray.to_owned(), y_ray.to_owned(), f);
[INFO] [stdout]    |                                                              ^ not found in this scope
[INFO] [stdout] 
[INFO] [stdout] 
[INFO] [stdout] error[E0425]: cannot find value `f` in this scope
[INFO] [stdout]   --> src/main.rs:57:62
[INFO] [stdout]    |
[INFO] [stdout] 57 |     let err_f = calc_err(x_ray.to_owned(), y_ray.to_owned(), f);
[INFO] [stdout]    |                                                              ^ not found in this scope
[INFO] [stdout] 
[INFO] [stdout] 
[INFO] [stdout] error[E0425]: cannot find value `f` in this scope
[INFO] [stdout]   --> src/main.rs:58:72
[INFO] [stdout]    |
[INFO] [stdout] 58 |     let grad_err_f = calc_grad_err(x_ray.to_owned(), y_ray.to_owned(), f, grad_f);
[INFO] [stdout]    |                                                                        ^ not found in this scope
[INFO] [stdout] 
[INFO] [stdout] 
[INFO] [stdout] error[E0425]: cannot find value `f` in this scope
[INFO] [stdout]   --> src/main.rs:58:72
[INFO] [stdout]    |
[INFO] [stdout] 58 |     let grad_err_f = calc_grad_err(x_ray.to_owned(), y_ray.to_owned(), f, grad_f);
[INFO] [stdout]    |                                                                        ^ not found in this scope
[INFO] [stdout] 
[INFO] [stdout] 
[INFO] [stdout] error[E0425]: cannot find value `grad_f` in this scope
[INFO] [stdout]   --> src/main.rs:58:75
[INFO] [stdout]    |
[INFO] [stdout] 58 |     let grad_err_f = calc_grad_err(x_ray.to_owned(), y_ray.to_owned(), f, grad_f);
[INFO] [stdout]    |                                                                           ^^^^^^ not found in this scope
[INFO] [stdout] 
[INFO] [stdout] 
[INFO] [stdout] error[E0425]: cannot find value `f` in this scope
[INFO] [stdout]   --> src/main.rs:59:80
[INFO] [stdout]    |
[INFO] [stdout] 59 |     let inv_hess_err_f = calc_inv_hess_err(x_ray.to_owned(), y_ray.to_owned(), f, hess_f, outer_f);
[INFO] [stdout]    |                                                                                ^ not found in this scope
[INFO] [stdout] 
[INFO] [stdout] 
[INFO] [stdout] error[E0425]: cannot find value `hess_f` in this scope
[INFO] [stdout]   --> src/main.rs:59:83
[INFO] [stdout]    |
[INFO] [stdout] 59 |     let inv_hess_err_f = calc_inv_hess_err(x_ray.to_owned(), y_ray.to_owned(), f, hess_f, outer_f);
[INFO] [stdout]    |                                                                                   ^^^^^^ not found in this scope
[INFO] [stdout] 
[INFO] [stdout] 
[INFO] [stdout] error[E0425]: cannot find value `outer_f` in this scope
[INFO] [stdout]   --> src/main.rs:59:91
[INFO] [stdout]    |
[INFO] [stdout] 59 |     let inv_hess_err_f = calc_inv_hess_err(x_ray.to_owned(), y_ray.to_owned(), f, hess_f, outer_f);
[INFO] [stdout]    |                                                                                           ^^^^^^^ not found in this scope
[INFO] [stdout] 
[INFO] [stdout] 
[INFO] [stdout] error[E0425]: cannot find value `f` in this scope
[INFO] [stdout]   --> src/main.rs:68:26
[INFO] [stdout]    |
[INFO] [stdout] 68 |     plot(&x_ray, &y_ray, f, &optimal_params, "result.png")
[INFO] [stdout]    |                          ^ not found in this scope
[INFO] [stdout] 
[INFO] [stdout] 
[INFO] [stdout] error[E0425]: cannot find value `grad_f` in this scope
[INFO] [stdout]   --> src/main.rs:58:75
[INFO] [stdout]    |
[INFO] [stdout] 58 |     let grad_err_f = calc_grad_err(x_ray.to_owned(), y_ray.to_owned(), f, grad_f);
[INFO] [stdout]    |                                                                           ^^^^^^ not found in this scope
[INFO] [stdout] 
[INFO] [stdout] 
[INFO] [stdout] error[E0425]: cannot find value `f` in this scope
[INFO] [stdout]   --> src/main.rs:59:80
[INFO] [stdout]    |
[INFO] [stdout] 59 |     let inv_hess_err_f = calc_inv_hess_err(x_ray.to_owned(), y_ray.to_owned(), f, hess_f, outer_f);
[INFO] [stdout]    |                                                                                ^ not found in this scope
[INFO] [stdout] 
[INFO] [stdout] 
[INFO] [stdout] warning: unused import: `function::*`
[INFO] [stdout]   --> src/main.rs:13:5
[INFO] [stdout]    |
[INFO] [stdout] 13 | use function::*;
[INFO] [stdout]    |     ^^^^^^^^^^^
[INFO] [stdout]    |
[INFO] [stdout]    = note: `#[warn(unused_imports)]` on by default
[INFO] [stdout] 
[INFO] [stdout] 
[INFO] [stdout] error[E0425]: cannot find value `hess_f` in this scope
[INFO] [stdout]   --> src/main.rs:59:83
[INFO] [stdout]    |
[INFO] [stdout] 59 |     let inv_hess_err_f = calc_inv_hess_err(x_ray.to_owned(), y_ray.to_owned(), f, hess_f, outer_f);
[INFO] [stdout]    |                                                                                   ^^^^^^ not found in this scope
[INFO] [stdout] 
[INFO] [stdout] 
[INFO] [stdout] error[E0425]: cannot find value `outer_f` in this scope
[INFO] [stdout]   --> src/main.rs:59:91
[INFO] [stdout]    |
[INFO] [stdout] 59 |     let inv_hess_err_f = calc_inv_hess_err(x_ray.to_owned(), y_ray.to_owned(), f, hess_f, outer_f);
[INFO] [stdout]    |                                                                                           ^^^^^^^ not found in this scope
[INFO] [stdout] 
[INFO] [stdout] 
[INFO] [stdout] error[E0425]: cannot find value `f` in this scope
[INFO] [stdout]   --> src/main.rs:68:26
[INFO] [stdout]    |
[INFO] [stdout] 68 |     plot(&x_ray, &y_ray, f, &optimal_params, "result.png")
[INFO] [stdout]    |                          ^ not found in this scope
[INFO] [stdout] 
[INFO] [stdout] 
[INFO] [stdout] warning: unused import: `function::*`
[INFO] [stdout]   --> src/main.rs:13:5
[INFO] [stdout]    |
[INFO] [stdout] 13 | use function::*;
[INFO] [stdout]    |     ^^^^^^^^^^^
[INFO] [stdout]    |
[INFO] [stdout]    = note: `#[warn(unused_imports)]` on by default
[INFO] [stdout] 
[INFO] [stdout] 
[INFO] [stdout] error: aborting due to 8 previous errors; 1 warning emitted
[INFO] [stdout] 
[INFO] [stdout] 
[INFO] [stdout] Some errors have detailed explanations: E0425, E0583.
[INFO] [stdout] 
[INFO] [stdout] For more information about an error, try `rustc --explain E0425`.
[INFO] [stdout] 
[INFO] [stdout] error: aborting due to 8 previous errors; 1 warning emitted
[INFO] [stdout] 
[INFO] [stdout] 
[INFO] [stdout] Some errors have detailed explanations: E0425, E0583.
[INFO] [stdout] 
[INFO] [stdout] For more information about an error, try `rustc --explain E0425`.
[INFO] [stdout] 
[INFO] [stderr] error: could not compile `omega_optimizer` (bin "omega_optimizer" test) due to 9 previous errors; 1 warning emitted
[INFO] [stderr] warning: build failed, waiting for other jobs to finish...
[INFO] [stderr] error: could not compile `omega_optimizer` (bin "omega_optimizer") due to 9 previous errors; 1 warning emitted
[INFO] running `Command { std: "docker" "inspect" "825e6756671e66c7fd320b403d9715895367c2248b548f0cce1ebfa1b2b0fb2c", kill_on_drop: false }`
[INFO] running `Command { std: "docker" "rm" "-f" "825e6756671e66c7fd320b403d9715895367c2248b548f0cce1ebfa1b2b0fb2c", kill_on_drop: false }`
[INFO] [stdout] 825e6756671e66c7fd320b403d9715895367c2248b548f0cce1ebfa1b2b0fb2c
